f -5*w**3/3 - w + 4. Let d(v) = -15*v**2 - 3. Let u(c) = -6*d(c) + 17*i(c). Determine u(a).
6
Let w(p) = -p**3 + p**2 + 3*p - 1. Suppose 3*f - 4*t = t + 18, -18 = -3*f - 3*t. Suppose u = -k - 3*k + f, k + 4*u + 6 = 0. Calculate w(k).
1
Let z(a) = -a**3 + a - a**3 - a**3 + 1. Suppose 0 = -4*v, 3*i - 2*v = -2*i - 5. Calculate z(i).
3
Let i(v) = -v**2 - 6*v + 8. Suppose -10 = -u - 4*u. Let t(y) = -y + 2. Let j be t(u). Suppose j - 18 = 3*w. Give i(w).
8
Let w be 0/3 + -4*1. Let v(b) = 3*b - 5 - 9*b - 7*b**2 + 5*b**2 + b**2. Determine v(w).
3
Let d(q) = 13*q**2 - 4*q - 19. Let x = 13 - 22. Let y(p) = 3*p**2 - p - 5. Let n(l) = x*y(l) + 2*d(l). Give n(5).
-13
Let l(n) = -n**2 + 5*n + 5. Let v(z) = -2*z**3 - 2*z**2 + 3*z + 2. Let b be v(-2). Give l(b).
9
Let p be 1/(-1)*(-2)/(-1). Let o = p - -6. Let n(j) = j**3 - 5*j**2 + 2*j + 3. Let v be n(o). Let l(i) = -i**3 - 4*i**2 + 5*i + 2. Determine l(v).
2
Let o = -2 - -5. Let d(i) = 2*i - o - i + 10. Determine d(0).
7
Suppose x - 6 = -3*r + 5*x, -3*r = x - 6. Let u be 16 - 16 - (-6)/r. Let p(w) = -2*w**3 + 5*w**2 - 2*w + 1. What is p(u)?
-14
Let p = 7 + -1. Suppose -v = -5*n + 24, 3*n - 2*v = p*n - 4. Let w(s) = s**3 - 4*s**2 - 2*s + 3. Calculate w(n).
-5
Let p(q) = -2*q**2 + 3*q + 2. Suppose 0 = f + 29 - 27. Give p(f).
-12
Let i(n) be the third derivative of 3*n**4/8 + 5*n**2 - n. Determine i(1).
9
Let w(m) be the second derivative of m**6/120 + m**5/60 - m**4/24 + 5*m**3/6 - m**2/2 - 2*m. Let y(i) be the first derivative of w(i). Give y(0).
5
Let f(w) = -13*w**2 + 2*w - 5. Let t(l) = -6*l**2 + l - 2. Let d(c) = -2*f(c) + 5*t(c). What is d(-1)?
-5
Suppose 25 = -4*p - p, 2*t + 4*p = -14. Let x be 7*2*(-22)/(-77). Let s(a) = -14*a - a**2 + x*a + 9*a + 2. Calculate s(t).
-10
Let x(m) = -m**2 - 5*m - 6. Let s(o) = o - 4. Let r(p) = 1 + 3 - 3. Let f(i) = 5*r(i) + s(i). Let b(j) = 6*f(j) + x(j). What is b(2)?
-2
Let p(s) = 8*s + 2*s**2 - 4 - 4*s**2 - 10 + 3*s**2. Let c be p(-10). Suppose 4 = 4*o, -4*y - o - c - 9 = 0. Let l(j) = -j + 2. Calculate l(y).
6
Let l be 6/((-1)/2 + -1). Let i(y) be the second derivative of -y**5/20 - 5*y**4/12 - 2*y**3/3 - 2*y**2 + 26*y. What is i(l)?
-4
Let r(o) = -9*o**2 - 2*o - 1. Let n be (-1)/(-7) + 136/28. Let d = n + -6. What is r(d)?
-8
Let h(n) = -n**3 - 23*n**2 - 22*n + 4. Let j be h(-22). Let c(f) = f**2 - 5*f. Give c(j).
-4
Let w(a) be the third derivative of a**6/120 - a**3/2 - 7*a**2. What is w(0)?
-3
Let m(y) = -y**3 - y**2 + 1. Suppose 0*w + w + 8 = -2*t, 3*t - 5*w = -12. Let b(o) = -3*o**3 + o**2 - 3. Let r(k) = t*m(k) + b(k). Calculate r(-5).
-7
Let q(k) = -7*k + 1. Let c(r) = -35*r + 6. Let d(m) = 2*c(m) - 11*q(m). What is d(-2)?
-13
Let h(f) = -2 + 0*f**2 + 3*f**2 - 4*f**2. Suppose 0 = -3*g + g - 16. Let l = g + 8. What is h(l)?
-2
Let i(v) = 5*v - 2. Let x(u) = 16*u - 5. Let w(d) = 7*i(d) - 2*x(d). Let m(o) = -2*o**3 - 19*o**2 + 8*o - 16. Let g be m(-10). Calculate w(g).
8
Let n(u) = -2*u - 4 + 4*u - 8*u. Let k(c) = 5*c + 3. Let y(d) = -3*k(d) - 2*n(d). Let q be (4/4)/(2/(-8)). What is y(q)?
11
Suppose 0 = -2*l + 5*l - 0*l. Let u(d) = -d**3 + d. Give u(l).
0
Suppose -3 = -z + 2. Suppose z*j + 5*u - 20 = 0, 4*j - 2*j - 3*u + 7 = 0. Let m(d) = -d**3 - 2*d + 1. Determine m(j).
-2
Let w(h) = -2*h + 0*h**2 + 9*h + 3*h**2 - 2*h**2 - 2. What is w(-5)?
-12
Suppose -7*i = -2*i. Let v = i - -3. Let g be 14/(2/(-1)) + v. Let w(l) = l**2 + 6*l + 6. Determine w(g).
-2
Suppose 4*a + 1 = -3. Let l(u) be the third derivative of u**4/24 + u**3/6 + 2*u**2. Calculate l(a).
0
Let q(v) = -4*v + 3. Let c be ((-1)/((-3)/18))/1. Let i(h) = -h + c*h - 2 - 2*h. Let w(u) = -3*i(u) - 2*q(u). What is w(-5)?
5
Let n(l) be the first derivative of -2*l**3/3 - 2*l**2 + 3*l - 1. Let t = 280 + -284. What is n(t)?
-13
Let s(b) be the second derivative of -b**5/10 + b**4/3 - 2*b**3/3 + 3*b**2/2 - 13*b. What is s(2)?
-5
Let o(p) = -5 + 5 + 2*p - p. Calculate o(5).
5
Let l(h) = -h**2 + 12*h - 13. Let g be l(10). Let n(b) = 2 + b**2 + g*b - b + 0*b. Let i be n(-6). Let x(a) = a + 2. Determine x(i).
4
Let s(y) = 3*y**2 + 6*y - 5. Let u(i) = -i**2 - i + 1. Let n(t) = -s(t) - 2*u(t). Give n(-5).
-2
Let p(f) be the second derivative of 7/12*f**4 - 1/20*f**5 - 5*f + 0 - 2*f**2 - 5/6*f**3. Give p(6).
2
Let r(m) = m**3 - 6 + 1 - 4*m**3 + 2*m**3 - m. Let d(f) = 2*f**2 - f - 5*f - 2*f**2 - f**2. Let j be d(-6). Determine r(j).
-5
Let g(p) = 9*p - 3. Let d(c) = -10*c + 3. Let u(s) = 5*d(s) + 6*g(s). Suppose -6*f = -9*f + 6. What is u(f)?
5
Let h(w) = w - 1. Let i(g) be the third derivative of -5/24*g**4 - 2*g**2 + 0*g - 1/60*g**5 - 1/3*g**3 + 0. Let v be i(-4). What is h(v)?
1
Suppose -158 = 3*a - 173. Let f(v) be the second derivative of -v**4/12 + 5*v**3/6 + 5*v**2/2 - v. Give f(a).
5
Let f(k) = -k + 11. Suppose g = -m - g + 5, m - g - 11 = 0. Calculate f(m).
2
Suppose 0 = i + 1 - 0. Let d be 4*i/((-4)/2). Let m(t) = t**3 - t**2 - t + 2. Determine m(d).
4
Let w(j) = -j**2 - 2*j + 8. Let r be w(-4). Let x(h) = -h - 5. Calculate x(r).
-5
Suppose 5*w - 2 = -2*c + 3*w, -2*c + 2*w = 6. Let f(h) be the first derivative of 2 - h**2 - 2 - 2. Give f(c).
2
Let s(z) be the second derivative of z + 7*z**3 - 11*z - z**3 - 4*z**3. Let j(p) = p**3 + 3*p**2 - 3*p + 5. Let w be j(-4). Give s(w).
12
Let p(n) = -n + 2. Let o(b) be the third derivative of -b**4/24 + b**3/6 - 4*b**2. Let g(i) = -6*o(i) + 3*p(i). Calculate g(1).
3
Let b(i) be the third derivative of -i**5/60 - i**4/3 + 5*i**3/3 + 11*i**2. Give b(-9).
1
Let d(y) = -y**2 + 2*y + 1. Let a = 13 + -8. Give d(a).
-14
Let l(j) = j. Let z be l(5). Let s(r) = r**3 - 6*r**2 + 7*r - 7. Let d be s(z). Let a(v) = -d + v**3 - v**2 + 3 + v. Calculate a(1).
1
Suppose 3*q - 3 = 6. Let x = q - 1. Let v(w) = 0 + 0 + 4*w + 3 + 2*w + w**x. Give v(-6).
3
Let d(f) = f**2 - 7*f + 2. Let b(a) = a + 10. Let k be b(0). Suppose k*j - 5*j = 30. Calculate d(j).
-4
Let v be (-6)/(-8) - (-15)/12. Suppose -12 = -4*z + l, -5*z + 2*l + v*l = -15. Let w(o) = 2*o - 4. What is w(z)?
2
Let l(o) = 3*o**3 - 4*o**2 - 9*o - 7. Let u(h) = -2*h**3 + 4*h**2 + 8*h + 6. Let j(w) = 3*l(w) + 4*u(w). Suppose -7 - 13 = -5*z. Let y = z - 7. Give j(y).
-3
Let u(x) = x**3 - 5*x**2 + 3*x + 3. Let k(t) = -3*t + 16. Let q(p) = p + 1. Let o(i) = k(i) + q(i). Let n be o(7). Determine u(n).
-6
Let x = -7 + 9. Let k(v) = -2*v - 10*v + x*v. Calculate k(-1).
10
Let y(w) = -w - 7. Let r(i) = -i**2 - 7*i - 7. Let q be r(-5). Let t = q - 4. Let a be 3/9 + t/3. What is y(a)?
-7
Suppose -4*b - p = -24, 3*b + p = -2*b + 30. Let u(r) = r**2 - r - b*r**2 + r**2. Give u(-1).
-3
Let j(b) be the first derivative of 19*b**3/3 + b**2/2 - 29. What is j(1)?
20
Let s(l) = 2*l + 10. Let f be (-4)/6 + (-1)/3. Let a = 4 + f. Let c(z) = -z - 5. Let p(k) = a*s(k) + 7*c(k). Give p(-3).
-2
Suppose -10*i = -5*i + 5. Let g = -4 + 7. Let b(p) = -3 + 1 - 3*p**3 - p**2 + g. Give b(i).
3
Let i(b) = -15*b + 19. Let x(o) = 7*o - 9. Let v(w) = 6*i(w) + 13*x(w). Let q = 28 - 23. Suppose -5*y + 0*y = -f + 21, -33 = -3*f + q*y. Give v(f).
3
Suppose 0 = -5*t - 2*o - 3 - 2, o = -4*t - 1. Let n(s) = -3*s**3. Give n(t).
-3
Let a(m) = 3 - 5*m**3 + 6 - 1 + 6*m**3 - 8*m**2 - m. Calculate a(8).
0
Suppose -2*n + 11 = -i, 4*i - 5*n + 32 = -n. Let m(l) = -12*l**2 + 11*l**2 - 6*l + l - 5. Let v be m(i). Let j(a) = a**2 + 4*a - 2. What is j(v)?
3
Let d(x) = -4*x - 1. Suppose 0 = -4*l + 2*l + 4. Let a(p) = 3*p. Let g(r) = l*d(r) + 3*a(r). Give g(6).
4
Let n(o) = -2*o**2 + 2*o + 4. Let b(s) be the first derivative of -s**3/3 - s - 2. Let r(w) = b(w) - n(w). What is r(4)?
3
Let g(c) = 2*c - 3. Let l = -12 + 7. Let k(v) = -v + 2. Let u(f) = l*k(f) - 3*g(f). Determine u(2).
-3
Let j(d) = -12*d**3 - 5*d**2 + 5. Let g be 0 + (-3 - -6 - 6). Let b(x) = -6*x**3 - 3*x**2 + 3. Let r(a) = g*j(a) + 5*b(a). What is r(-1)?
-6
Suppose p + p = -3*i - 3, 24 = 4*p - 4*i. Let u(v) = -3*v**p - v + 3*v + 5*v**3 - 3*v**2 - v. Suppose s + 12 = 2*j - s, -2*j = 2*s + 4. Give u(j).
6
Let z be (-1 - 0)/(-1) - -7. Let c = 11 - z. Let w(x) = -c*x + x + 3*x. Give w(-2).
-2
Let k(n) = n**3 + n**3 - 9*n**3 - n**2 - 4*n**3. What is k(1)?
-12
Let v = -61 - -31. Let d(w) = 0 + 3 - 2. Let l(r) = 3*r + 15. Let u(i) = v*d(i) + 2*l(i). Determine u(-1).
-6
Let m(d) = -d + 1. Let s(f) = 5*f + 4. Let o(b) = 4*m(